v = -5*z + 1455, -z + c*v = -5*z + 1199. What is the tens digit of (-1)/(3 - 890/z)?
4
Let z(t) = t**3 + 10*t**2 + 17*t + 15. Let q be z(-8). What is the units digit of q/(21/534) - (-2 + -3)?
3
What is the tens digit of 39 + (-598)/13 + (-5429*2)/(-2)?
2
Let q be (1*-1)/((-66)/(-9) - 7). Let u = q + 6. What is the units digit of ((-98)/u)/(((-24)/(-9))/(-4))?
9
Suppose -1326*v = -1315*v - 273350. What is the thousands digit of v?
4
Suppose -6 = -24*g + 21*g. Suppose y - 758 = -f + g*y, 5*f - 3790 = 3*y. What is the tens digit of f?
5
Let z(g) = -g**3 + 37*g**2 + 44*g + 294. What is the hundreds digit of z(32)?
8
Let p(r) = 7*r + 180. Suppose -k - 55 = -5*j, -2*j - 11 = -5*j + 5*k. What is the units digit of p(j)?
4
Let z be -1 + -1 + (-7)/(-1). Suppose a = -a + z*q + 1767, q = -4*a + 3501. What is the units digit of a?
6
Let a(i) = -2*i**2 - 6*i. Let y be a(-10). Let f be -7*(444/(-21) - 0). Let l = y + f. What is the units digit of l?
8
Let g(o) = -o**3 + 43*o**2 + 81*o - 71. What is the thousands digit of g(35)?
2
Suppose 2*g + 9*l - 1985 = 4*l, 5*g - 4985 = -5*l. Suppose -g = -b - 528. What is the hundreds digit of b?
4
Suppose 16*r - 1994 - 534 = 0. Let m = 526 - 291. Let v = m - r. What is the tens digit of v?
7
Suppose 0 = 538*q - 28*q - 24760391 + 6379481. What is the hundreds digit of q?
0
Let w(d) = -d - 27. Suppose 220 = 3*x - 13*x. Let z be w(x). Let s(k) = 3*k**2 + k + 3. What is the tens digit of s(z)?
7
What is the hundreds digit of 7609 + 18/((-54)/6) + 1?
6
Let h be 26699/(-10) + 3/(-30). What is the hundreds digit of (-1)/(-2 - h/1336)?
6
Let d = -1951 + -4. Let a = -1281 - d. What is the tens digit of a?
7
Let q = -17 - -15. Let p be 2*(q - (-10)/4) + 20. What is the tens digit of 2544/p - (-2)/(-14)?
2
Suppose -3*b - 4 = -5*b + 2*t, 3*b - 8 = t. Let l = 12 + -9. Suppose -b*w - 267 = -l*d, -w + 397 + 48 = 5*d. What is the units digit of d?
9
Let u = 31 - 6. Suppose u*n - 20996 = 1079. What is the units digit of n?
3
Suppose 5*p + u = 19 + 6, 0 = 2*u - 10. Suppose -78 = -5*x + b + 3*b, -p*x = -b - 58. Suppose 18*c = x*c + 764. What is the units digit of c?
1
Let j = 12 - 4. Suppose 3703*h = 3712*h - 2538. Suppose j*r - h - 350 = 0. What is the units digit of r?
9
Suppose 0 = r - 2 + 7, 0 = 3*x - 5*r - 37. Let b be (-554)/x + (-5)/10. Let z = 242 + b. What is the tens digit of z?
0
Suppose -98*d + 95*d + 2*m + 23719 = 0, -3*d + 23711 = -4*m. What is the hundreds digit of d?
9
Suppose -4*n = -6*n + 6. Suppose n*j = -33 + 762. What is the hundreds digit of j?
2
Let m(z) = -347*z**3 + 2*z**2 - 51*z - 212. What is the hundreds digit of m(-4)?
2
Suppose -3*o + 6093 = 2*p, -284*o + 6117 = -281*o - 2*p. What is the units digit of o?
5
Let q(y) = -y + 20. Let w be q(16). Suppose -69 + 198 = b + 3*d, 0 = 4*b - w*d - 484. Suppose 15*k + b = 18*k. What is the units digit of k?
1
Let k = 1037 - 1586. What is the hundreds digit of k/((-24)/36 - (-10)/(-12))?
3
Let k = -7965 + 13272. What is the units digit of k?
7
Suppose -17281*c + 17195*c = -2143550. What is the units digit of c?
5
Suppose 0 = 15*s - 162 + 57. Suppose 3*q - s*q = -400. What is the tens digit of q?
0
What is the tens digit of 3 - 607566/(-22) - (-164)/451?
2
Suppose -5*f + 2*p = 5596, 4466 = -4*f + 19*p - 21*p. Let a = -337 - f. What is the hundreds digit of a?
7
Suppose 3*v - 8*t + 6*t = 51128, -2*t + 170392 = 10*v. What is the ten thousands digit of v?
1
Suppose 0 = -4*h - o + 15695 + 4380, 25093 = 5*h + o. What is the hundreds digit of h?
0
Suppose -97*l = -0*l - 1738434. What is the units digit of l?
2
Let i(h) = -h**2 - 3*h - 3. Let w be i(-2). What is the units digit of w*((-10532)/24 - 6/36)?
9
Suppose 0 = -4*b - 4*z, 3 = -2*b + z + 9. Let k be -1 - (1 + 1) - (26 - 29). Suppose 3*a = -b*a + w + 223, a + 4*w - 53 = k. What is the tens digit of a?
4
Suppose 2*w = 5*v - 2121, 0*w - 1284 = -3*v + 5*w. Suppose 5*o - 701 = -3*c, -3*o + c = 2*c - v. What is the units digit of (2*-1)/(280/o - 2)?
1
Suppose 7*j - 6*j + 17479 = -4*o, 0 = -5*o - 5*j - 21860. Let c = 6398 + o. What is the tens digit of c?
2
Suppose -42*i + 22824 = -30*i. Let a = i - 1130. What is the units digit of a?
2
Let c(f) = 20*f**2 + 58*f - 37. Let u(o) = -7*o**2 - 19*o + 12. Let x(p) = 6*c(p) + 17*u(p). Let r be x(-14). Let i = 365 + r. What is the tens digit of i?
9
Let l = 13 + 16. Let a be (l - 7) + 9/3. Let u = a - -62. What is the units digit of u?
7
Suppose -41*p = -18*p - 3933. What is the units digit of -1 + -52*p/(-36)?
6
Suppose 5*x - 75 = 5*b, 2*x - 17 = 4*b + 37. What is the tens digit of (-9 + 234)*b/(-30)?
9
Suppose 33*r - 14819 - 78637 = 0. What is the tens digit of r?
3
Suppose 20*l - 295 = 15*l. Let c = l - 63. What is the units digit of (20/16 + 1/c)*1?
1
Let k be 5/(75/(-2005))*-3. Suppose -k = -p + 222. What is the tens digit of p?
2
Let h = 34232 - 17317. What is the tens digit of h?
1
Let p = 4140 + -2562. Let v = 78 + p. What is the thousands digit of v?
1
Let l(j) = -58*j**3 - 1804 - 2*j**2 + 3602 - 4*j - 1805. What is the units digit of l(-2)?
7
Let p(w) = w**3 - 3*w - 2. Let i be p(-2). Let x = -4 - i. Let t(l) = l**3 - l**2 + l + 85. What is the units digit of t(x)?
5
Let b = 943 + -938. Suppose -2*n + 3*k = -2134, -b*n - 681 = 3*k - 6016. What is the units digit of n?
7
Suppose 2384348 = -155*a + 14122120 + 3110143. What is the hundreds digit of a?
7
Let p(b) = -5*b - 111. Let k be p(-23). What is the tens digit of (-3913)/(-21)*12/k?
5
Suppose 5*i = -u + 1339, 0*i - 6 = 3*i. Suppose k + 2*r - u = 0, -7*r + 4*r + 6773 = 5*k. What is the units digit of k?
7
Let g(a) = -a**3 - 6*a**2 + 5*a - 8. Let s be g(-7). Suppose 8 = -3*o + r, 2*o - s*o - 11 = -r. What is the units digit of -4 + (-21)/o - -34?
7
Suppose 7052 + 10041 = 3*f + 5720. What is the tens digit of f?
9
Let g(w) = 69*w - 91. Let v be g(2). What is the units digit of 1 + -3 + v/((-517)/(-4026))?
4
Let x be (-78)/(-5) + -2*(-2)/10. Suppose 0 = x*i - 14*i + 60. Let t = i - -40. What is the units digit of t?
0
Let d(a) = 43*a**3 + 7*a**2 - 14*a + 33. What is the tens digit of d(3)?
1
Suppose 0 = -3*t - 3*o + 24, 0*o = -5*t - 3*o + 32. Suppose 4*j - t*c = 1488, -c - 900 = -2*j - 155. What is the hundreds digit of j?
3
Suppose 3*k - 2*d = -3*d - 3, -d - 3 = -k. Suppose h - 2*o - 3*o = 347, k = 5*h + 4*o - 1880. What is the tens digit of h?
7
Let n(d) = d**3 - 10*d**2 + 6*d + 19. Let f(y) = 1. Let l(h) = 3*f(h) + n(h). Let c be l(9). What is the tens digit of -175*(0 - (-2)/c)?
7
Suppose -8*f - 5 = -101. Suppose 3 = -d + 16. Suppose 171 = d*r - f*r. What is the tens digit of r?
7
Let s = 411 + 312. Suppose -603 - s = -17*p. What is the tens digit of p?
7
Suppose 5*o + 17*y - 22580 = 21*y, y = -5*o + 22605. What is the hundreds digit of o?
5
Suppose 0 = -c + 54 - 69. Let m be (-14)/(-10) - c/25. Suppose d + 5*r = 71, r - 459 = -5*d + m*r. What is the tens digit of d?
9
Let b be (3 + 2)*(-1 + 2). Let i be (b + -5)/1 - -2. Suppose z = -i*p - 0*p + 504, 0 = 4*p + 3*z - 1006. What is the tens digit of p?
5
Let o(m) = 517*m - 245. What is the hundreds digit of o(11)?
4
Suppose -2544*u + 2522*u = -814995 - 6221. What is the hundreds digit of u?
3
Let m(d) = -2*d**2 + 4*d + 29. Let i be m(12). Let q = i - -1075. What is the hundreds digit of q?
8
Suppose 10*f - 957603 = -5*f + 109797. What is the ten thousands digit of f?
7
Let a be 238/63 + (-2)/(-9). Suppose 4*t = 3*p + 39, a*p = 3*p - 3*t. What is the units digit of 4*((-1395)/10)/p?
2
Suppose 0 = -91*y + 96*y - 50. Suppose -2*u = -c + 232, -5*c - 5*u + 1145 = -y*u. What is the hundreds digit of c?
2
Let l be ((-11)/44)/((-399)/(-132) + -3). Let k(g) = 9*g**2 + 11*g + 4. What is the tens digit of k(l)?
7
Let f = -1315 + 2927. What is the units digit of f?
2
Let w(v) = 757*v - 669. What is the tens digit of w(5)?
1
Let o = -5055 - -5076. What is the units digit of o?
1
Suppose 19485 = 5*t + 3*j, t - 3897 = -0*j + 2*j. Suppose -4143 - t = -20*v. What is the units digit of v?
2
Let f(p) = -6*p + 12. Let u be f(10). Let z be u/(-18)*3/2. Suppose 4*l - z*w - 70 = 2*l, -3*w - 102 = -3*l. What is the tens digit of l?
3
Let i = -85 + 29. Let v be 3606/8 + -2 + (-14)/i. Let x = v + -242. What is the tens digit of x?
0
Suppose 5*l + 2*q - 71297 = 0, 99603 = 11*l + 2*q - 57248. What